{"id":149,"date":"2017-06-01T20:56:30","date_gmt":"2017-06-01T20:56:30","guid":{"rendered":"https:\/\/www.kaelin-bruhin.com\/?page_id=149"},"modified":"2025-02-06T06:01:26","modified_gmt":"2025-02-06T06:01:26","slug":"linus-bruhin","status":"publish","type":"page","link":"https:\/\/www.kaelin-bruhin.com\/?page_id=149","title":{"rendered":"Linus Bruhin"},"content":{"rendered":"<div class=\"flex_column av_one_third  flex_column_div av-zero-column-padding first  \" style='border-radius:0px; '><p><section class='avia-team-member '  itemscope=\"itemscope\" itemtype=\"https:\/\/schema.org\/Person\" ><div class='team-img-container'><img class='avia_image avia_image_team' src='https:\/\/www.kaelin-bruhin.com\/wp-content\/uploads\/2017\/06\/Q24-4775-1-687x1030.jpg' alt='Dr. Linus Bruhin'  itemprop=\"image\"  \/><\/div><h3 class='team-member-name'   itemprop=\"name\" >Dr. Linus Bruhin<\/h3><div class='team-member-description '  itemprop=\"description\"  ><p>geboren 1965, von Wangen SZ<br \/>\nlic.iur. Universit\u00e4t Z\u00fcrich 1991<br \/>\nSchwyzer Anwaltspatent 1994<br \/>\nUrkundsperson Kanton Schwyz<br \/>\nDr.iur. Universit\u00e4t Z\u00fcrich 2016<\/p>\n<\/div><span class='hidden team-member-affiliation'  itemprop=\"affiliation\" >K&auml;lin + Bruhin<\/span><\/section><br \/>\n<div class='avia-icon-list-container '><ul class='avia-icon-list avia-icon-list-left av-iconlist-small avia_animate_when_almost_visible'>\n<li><div  class='iconlist_icon  avia-font-entypo-fontello'><span class='iconlist-char' aria-hidden='true' data-av_icon='\ue854' data-av_iconfont='entypo-fontello'><\/span><\/div><article class=\"article-icon-entry av-iconlist-empty\"  itemscope=\"itemscope\" itemtype=\"https:\/\/schema.org\/CreativeWork\" ><div class='iconlist_content_wrap'><header class=\"entry-content-header\"><div class='av_iconlist_title iconlist_title_small '  itemprop=\"headline\"  ><a href='tel:+41554155052' title='+41 (0)55 415 50 52' target=\"_blank\" >+41 (0)55 415 50 52<\/a><\/div><\/header><div class='iconlist_content '  itemprop=\"text\"  ><\/div><\/div><footer class=\"entry-footer\"><\/footer><\/article><div class='iconlist-timeline'><\/div><\/li>\n<li><div  class='iconlist_icon  avia-font-entypo-fontello'><span class='iconlist-char' aria-hidden='true' data-av_icon='\ue805' data-av_iconfont='entypo-fontello'><\/span><\/div><article class=\"article-icon-entry av-iconlist-empty\"  itemscope=\"itemscope\" itemtype=\"https:\/\/schema.org\/CreativeWork\" ><div class='iconlist_content_wrap'><header class=\"entry-content-header\"><div class='av_iconlist_title iconlist_title_small '  itemprop=\"headline\"  ><a href='mailto:bruhin@kaelin-bruhin.com' title='bruhin@kaelin-bruhin.com' target=\"_blank\" >bruhin@kaelin-bruhin.com<\/a><\/div><\/header><div class='iconlist_content '  itemprop=\"text\"  ><\/div><\/div><footer class=\"entry-footer\"><\/footer><\/article><div class='iconlist-timeline'><\/div><\/li>\n<\/ul><\/div><\/p><\/div>\n<div class=\"flex_column av_two_third  flex_column_div av-zero-column-padding   \" style='border-radius:0px; '><section class=\"av_textblock_section\"  itemscope=\"itemscope\" itemtype=\"https:\/\/schema.org\/CreativeWork\" ><div class='avia_textblock '   itemprop=\"text\" ><p><strong>Ausbildung<\/strong><\/p>\n<p>1978 &#8211; 1985 Matura Typus B, Christ-K\u00f6nig-Kollegium in Nuolen; 1985 &#8211; 1991 Universit\u00e4t Z\u00fcrich, Abschluss lic.iur.; 1992 Praktikum am Bezirksgericht March in Lachen; 1992 &#8211; 1994 Praktikum und T\u00e4tigkeit in der Anwaltskanzlei Dr. Georges Knobel in Altendorf; 1994 Anwaltspatent Kanton Schwyz; 1994 Er\u00f6ffnung der eigenen Kanzlei in Pf\u00e4ffikon SZ; 1994 Registrierung als Urkundsperson im Kanton Schwyz; Dezember 2006 Umzug der Kanzlei nach Freienbach SZ; 2016 Promotion zum Dr.iur. der Universit\u00e4t Z\u00fcrich: \u201cDie R\u00f6misch-katholische Kantonalkirche Schwyz &#8211; Weiterentwicklung der staatskirchenrechtlichen Strukturen und Regelungen des Staatskirchenrechts des Kantons Schwyz 1957 &#8211; 2015&#8243;<\/p>\n<p><strong>Berufliches etc.<\/strong><\/p>\n<p>1989 \u2013 1991 Mitglied des Erweiterten grossen Studentenrats der Universit\u00e4t Z\u00fcrich (EGStR); 1990 \u2013 1994 Mitglied der \u201cPolitischen Kommission\u201d des Schweizerischen Studentenvereins (Schw. StV); 1992 \u2013 2003 Sekret\u00e4r der Genossenschaft Sport und Freizeit Lachen; 1992 Chef Rekurskommission des Schweiz. Judo- und Ju-Jitsu \u2013 Verbandes (SJV); 1992 \u2013 1997 Departementschef Rechtswesen des Schweiz. Judo- und Ju-Jitsu \u2013 Verbandes (SJV); 1997 \u2013 2016 Ombudsstelle des Schweiz. Judo- und Ju-Jitsu \u2013 Verbandes (SJV); 1998 \u2013 2020 Stellvertreter Betreibungs- und Konkursinspektor Kanton Schwyz; 1998 \u2013 2020 Stellvertreter Grundbuchinspektor Kanton Schwyz; 2000 \u2013 2007 Sekret\u00e4r des Schweiz. Vereins f\u00fcr Hom\u00f6opathie (SVH); 2004 \u2013 2015 Lehrauftrag \u201cRecht\u201d an der B\u00e4uerinnenschule an der Landwirtschaftlichen Schule Pf\u00e4ffikon bzw. B\u00e4uer\u00adlich-hauswirtschaftlichen Fachschule am Berufsbildungszentrum Pf\u00e4ffikon; 2009 \u2013 2016 Chairman des Disciplinary Commitee der International Ju-Jitsu Federation (JJIF); 2010 &#8211; 2019 Mitglied Anwalt der ersten Stunde Kanton Schwyz; 2015 \u2013 2019 Zo\u00adnen-Chairperson Zone 25 Lions-District 102 E; 2019 &#8211; 2022 Vice-Governor Lions-District 102 E; 2022\/ 2023 Governor Lions-District 102 E.<\/p>\n<p>Seit 1998 dipl. Ju-Jitsu Lehrer SJV; seit 1999 Sekret\u00e4r der R\u00f6m.-kath. Kantonalkirche Schwyz (seit 1994 Sekret\u00e4r des vorangehenden Verfassungsrats); J+S-Experte Ju-Jitsu, Experte Erwachsenensport esa, JJIF World A Referee (Fighting und Duo), diverse Funktionen im Kampfsport; seit 2012 Ju-Jitsu-Lehrer mit eidgen\u00f6ssischem Fachausweis; seit 2016 Sportartenschulleiter mit eidgen\u00f6ssischem Diplom; seit 2016 Vizepr\u00e4sident des Schweiz. Judo- und Ju-Jitsu \u2013 Verbandes (SJV); seit 2025 JJIF Continental Referee (Inclusive Self Defence Ju-Jitsu und Contact Ju-Jitsu).<\/p>\n<p><strong>Mitgliedschaften<\/strong><\/p>\n<p>&#8211; Schweizerischer Anwaltsverband (SAV), Mitglied (seit 1994)<br \/>\n&#8211; Anwaltsverband des Kantons Schwyz (AVSZ), Mitglied (seit 1994)<br \/>\n&#8211; Eingetragen im Anwaltsregister des Kantons Schwyz (seit 1994)<br \/>\n&#8211; Eingetragen im Register der Urkundspersonen des Kantons Schwyz (seit 1994)<\/p>\n<p><strong>Bevorzugte T\u00e4tigkeitsgebiete:<\/strong><\/p>\n<p>Zivilrecht, Erbrecht, Vertragsrecht, Gesellschaftsrecht, Allgemeines Strafrecht, Strassenverkehrsrecht, Haftpflichtrecht, Betreibungs- und Konkursrecht, Baurecht, Verwaltungsrecht<\/p>\n<\/div><\/section><\/div>\n","protected":false},"excerpt":{"rendered":"","protected":false},"author":1,"featured_media":0,"parent":0,"menu_order":0,"comment_status":"closed","ping_status":"closed","template":"","meta":{"footnotes":""},"class_list":["post-149","page","type-page","status-publish","hentry"],"_links":{"self":[{"href":"https:\/\/www.kaelin-bruhin.com\/index.php?rest_route=\/wp\/v2\/pages\/149","targetHints":{"allow":["GET"]}}],"collection":[{"href":"https:\/\/www.kaelin-bruhin.com\/index.php?rest_route=\/wp\/v2\/pages"}],"about":[{"href":"https:\/\/www.kaelin-bruhin.com\/index.php?rest_route=\/wp\/v2\/types\/page"}],"author":[{"embeddable":true,"href":"https:\/\/www.kaelin-bruhin.com\/index.php?rest_route=\/wp\/v2\/users\/1"}],"replies":[{"embeddable":true,"href":"https:\/\/www.kaelin-bruhin.com\/index.php?rest_route=%2Fwp%2Fv2%2Fcomments&post=149"}],"version-history":[{"count":18,"href":"https:\/\/www.kaelin-bruhin.com\/index.php?rest_route=\/wp\/v2\/pages\/149\/revisions"}],"predecessor-version":[{"id":608,"href":"https:\/\/www.kaelin-bruhin.com\/index.php?rest_route=\/wp\/v2\/pages\/149\/revisions\/608"}],"wp:attachment":[{"href":"https:\/\/www.kaelin-bruhin.com\/index.php?rest_route=%2Fwp%2Fv2%2Fmedia&parent=149"}],"curies":[{"name":"wp","href":"https:\/\/api.w.org\/{rel}","templated":true}]}}